11
Let s(h) = 11*h**2 + 12*h + 14. Let j(g) = -4*g**2 - 4*g - 5. Let a(z) = 8*j(z) + 3*s(z). Give a(-5).
7
Let d(s) = -2*s**2 + 5*s - 2. Suppose 0 = -3*o + 2*b + 3, 4*b = -o - 0*o - 13. Let p(g) = -3*g**2 + 7*g**2 - 2 + 2 - 1. Let n be p(o). Calculate d(n).
-5
Suppose -2*h + 6 = h. Let f(r) = 3*r - 3*r**h + 2*r + 1 + r**2 + r**2. Give f(6).
-5
Let y(u) = u**3 - u**2. Suppose 2 + 2 = 4*j + 5*c, -4*j - c + 4 = 0. Determine y(j).
0
Let n(m) = -m + 2. Let x(l) be the third derivative of -l**3/6 - l**2. Let f(y) = 3*n(y) + 2*x(y). Give f(3).
-5
Let m = -16 + 14. Let i(d) = d**3 + 2*d**2 + 2*d - 2. Give i(m).
-6
Suppose -5*a - 4*o + 7 + 3 = 0, 2*o = 0. Let d(g) be the third derivative of -g**6/120 + g**5/60 - g**4/24 + g**3/3 - 3*g**2. Calculate d(a).
-4
Let o(d) = 0 - 1 + d**2 - 10*d**2 + d. Give o(1).
-9
Let f be (-66)/22*(-5)/3. Let x(l) = -l**3 + 6*l**2 - 8*l + 5. Determine x(f).
-10
Let j be 18/(-4)*-1*2. Let h be 15*-3*(-1)/j. Let k(y) be the third derivative of y**6/120 - y**5/15 - y**4/6 - y**3/2 + 4*y**2. What is k(h)?
2
Let v be -1 + -3*4/(-6). Let f be v*(-4 - (-2 - 1)). Let w(h) = -7*h. Determine w(f).
7
Let s(p) = -p**2 - 5*p - 6. Let g(u) = u**3 - 16*u**2 + 2*u - 36. Let x be g(16). Determine s(x).
-2
Let z(x) = x**3 + 3*x**2 + 2*x + 4. Suppose 4*w - 9 = 5*w. Let l(u) = 5*u**2 - u. Let n be l(-1). Let f = w + n. Determine z(f).
-2
Let r be ((-112)/(-64))/((-1)/12). Let q be 99/r - (-4)/(-14). Let z(m) = m - 5. Calculate z(q).
-10
Let d(c) be the third derivative of -c**6/120 - c**5/15 + 5*c**4/24 + c**3/3 + 9*c**2. Calculate d(-5).
2
Let j(s) = -s**2 - 6*s - 2. Let p be j(-4). Suppose 0 = -5*l + 22 - 7. Let d(z) = l - p - z - 9. Give d(-5).
-7
Suppose d = 5*d - 8. Let b(v) = -2*v**2 - v + 3 + 0*v**d + 4*v**2 + v**3 - 6*v**2. Calculate b(4).
-1
Let s(p) be the second derivative of -p**5/10 - p**4/4 + p**3/6 + 2*p**2 + 2*p + 1. Calculate s(-3).
28
Let m(g) = g - 3*g + 4*g + 7. Let c = -8 - -2. Calculate m(c).
-5
Suppose -5 = -81*r + 80*r. Suppose 0 = 3*m + 2*z - 17, 5*z - 20 = -3*m - 0*z. Let s(b) = 5 + 6 - m - b. What is s(r)?
1
Let h(y) be the second derivative of 5/12*y**4 + 7/2*y**2 + 0 - 1/20*y**5 + y - 1/2*y**3. What is h(5)?
-8
Let h(s) = -s**3 - 6*s**2 - 6*s + 1. Suppose d - 5*j = -9, -d + 3*d = 2*j + 6. Let q be (-32)/d - 2/(-6). Determine h(q).
6
Suppose 4*u - 85 = -u. Suppose -3*w + 3 = -5*s + u, -4*s + 2*w + 12 = 0. Let m(o) be the first derivative of o**4/4 - 5*o**3/3 + 3*o**2/2 - 1. Give m(s).
-4
Suppose 0 = 4*g - 5 - 3. Let k = -4 + 6. Let d(v) = -v + 0 - k*v + 2. What is d(g)?
-4
Let j be 0/((-3)/(-6)*-4). Let k(n) = -n**2 + j + 0. Give k(-3).
-9
Let m(b) = -b**2 + 6*b - 9. Let r = -2 + 10. Let n be (r/(-6))/(2/12). Let u = n - -14. Give m(u).
-9
Let h(x) be the second derivative of x**3/3 - x**2/2 + 16*x. Determine h(1).
1
Suppose -10*z = -8*z - 2. Let u(i) = 7*i**3 + i**2. Determine u(z).
8
Let x(i) = 2*i**3 - 2*i + 1. Let t(g) = 3*g - 4. Suppose -16 = -3*b - z, -z - 17 = -3*b - 3*z. Let l be t(b). Let d be (-2)/9 - l/(-9). Determine x(d).
1
Let w(k) = -2 + 92*k - 91*k + 5. Determine w(6).
9
Suppose -2*g - 4 = -g, 0 = 2*f - 2*g - 12. Let v(h) = f*h + h**2 + 2 - 3*h**2 - 4*h**2 - 1. Give v(-1).
-7
Let b be ((-27)/(-4))/(6/16). Let y be (-2)/(b/3)*-6. Suppose 5*z + 4*x + 17 = 0, -2*z = -0*z + 4*x + y. Let d(m) = m**3 + 5*m**2 - m + 3. Determine d(z).
8
Let f(s) be the second derivative of -s**5/10 + s**4/3 - 2*s**2 + 34*s. Determine f(3).
-22
Let f(w) = -w**2 - 2 + 4*w**3 + 10*w - 5*w - 6*w - 3*w**3. Give f(2).
0
Let q(u) = 6*u**2 + u. Suppose -7*w = -12*w. Suppose 0 = 5*g + 3*h - 7 - w, -4*g = -2*h + 12. Calculate q(g).
5
Let x(w) = w**2 + 2*w + 3. Let r be (-3 - (-3 + 1)) + -1. What is x(r)?
3
Suppose 5*o - 4*o - 5*y + 4 = 0, 4*o + 41 = -5*y. Let p(k) = -k - 9. What is p(o)?
0
Let s(q) = -q**3 + 4*q**2 - 2*q - 2. Let v be s(2). Let f(z) = 0*z + z - 4 - v*z. Let l = -10 - -7. What is f(l)?
-1
Let v(s) be the second derivative of s**5/20 - 5*s**4/12 + s**3/2 + s**2/2 + s. Suppose 4*p - 4 = 3*p. What is v(p)?
-3
Let q(y) = 6*y**2 - 7*y**2 + 1 + y**3 - 2*y**3 + 3*y**3. What is q(-1)?
-2
Let z(t) = 1 - 3 - 1 + t**2. Let x be -3 + 6 - (2 + 1). What is z(x)?
-3
Suppose -2*a - 3*g = 10, 3*g = -4*a + 7*g + 20. Let f(c) be the first derivative of 5*c**2/2 - 2. Give f(a).
5
Let j(a) = a**3 + 5*a**2 - a - 5. Let w be j(-5). Let x be 10/(-2)*(1 + w). Let r(o) = -4*o - 8*o**2 + 1 + 9*o**2 - 2*o**2. Calculate r(x).
-4
Suppose -m = 6*m - 28. Let p(a) = a**2 - 4*a + 1. Calculate p(m).
1
Let a(m) = -5*m + 3. Let d be (-30)/4*16/(-12). Suppose -2*c - v + 5*v - d = 0, 0 = 5*c + 3*v - 27. Calculate a(c).
-12
Let d(c) be the second derivative of 0 - 11/2*c**2 - 1/6*c**3 - c. Let r = 28 - 34. Determine d(r).
-5
Let w(g) = 0*g**3 + 56 + g - 51 - g**3 - 4*g**2. Give w(-4).
1
Let b(l) = 2*l**3 - 2*l**2 - 2*l - 1. Let x(d) = -3*d**3 + 3*d**2 + 2*d + 1. Let g(k) = 4*b(k) + 3*x(k). Determine g(-2).
15
Let y(p) = p**3 + 7*p**2 + 6*p + 5. Let s(c) = 9 + c**3 + 3*c**2 + 4*c**2 - 8 + 6*c + 4. Let n(o) = 5*s(o) - 6*y(o). Determine n(-6).
-5
Let v(t) = 2*t - 4. Let l(g) = -6*g**2 - 2*g + 3. Let i be l(1). Determine v(i).
-14
Let n(s) = 14*s - 14. Let z = -7 + 8. Let u(l) = 6*l + z - l - 1 - 5. Let c(p) = -4*n(p) + 11*u(p). What is c(2)?
-1
Let s(o) = 2*o**2 + o - 2. Let p(a) = a**3 - 6*a**2 - a + 5. Suppose -5*q - 7 + 37 = 0. Let z be p(q). Let v be (-3 - z)*(2 - 1). Give s(v).
4
Let g = 66 - 63. Let v(a) = 3*a + 0 - 2 - 2. What is v(g)?
5
Let w(l) = l**3 + 4*l**2 - l - 3. Let k = 40 + -44. Calculate w(k).
1
Let z(b) be the second derivative of b**4/12 - 2*b**3/3 - b**2 - 3*b. What is z(3)?
-5
Let p(o) = 13*o**3 + 7*o**2 - 3*o + 24. Let s(i) be the second derivative of 3*i**5/20 + i**4/6 - i**3/6 + 3*i**2 - 4*i. Let t(z) = 2*p(z) - 9*s(z). Give t(-5).
4
Let b(i) be the third derivative of -1/12*i**4 + 0 - 1/60*i**5 + 0*i - 4*i**2 - 1/3*i**3. What is b(-2)?
-2
Suppose -s + 2*s + 5 = 0. Let k = s + 2. Let i(q) = q + 5. Give i(k).
2
Let j(l) be the first derivative of -l**4/4 - 5*l**3/3 + 7*l**2/2 + 9*l - 76. What is j(-6)?
3
Suppose 5*n + 4 + 26 = 0. Let f(g) be the third derivative of g**6/120 + 7*g**5/60 + 7*g**4/24 + 7*g**3/6 + 2*g**2. What is f(n)?
1
Let t(u) = u**2 + 9*u + 4. Let q be (-14)/(-2)*(6 + -7). Let l = 1 + q. Calculate t(l).
-14
Suppose -5*n + 4*r - 2*r = 8, 3*n + 1 = 5*r. Let d(c) = 7*c + 2. Determine d(n).
-12
Let h(z) be the first derivative of 3*z + 1/3*z**3 - 1 + z**2. What is h(-2)?
3
Suppose -4*t = -19 + 3. Let o(u) be the first derivative of u**4/4 - 4*u**3/3 + 4*u + 1. Determine o(t).
4
Let z(d) be the third derivative of -d**6/120 - d**5/15 + 2*d**3/3 + 2*d**2. Let l be (-2 + 1)/((-5)/(-15)). Give z(l).
-5
Let p be -1 + (-1 - -1) + 4. Suppose 6*y - p*y = 0. Let t(q) = -q**3 + q + 10. Calculate t(y).
10
Suppose -3*x - 5*n - 35 = 0, -2*x - 3 = n + 18. Let c(r) = -r**2 - 11*r - 10. Give c(x).
0
Let b(q) = 2*q - 8. Let f(v) = -3*v + 9. Let h(o) = 4*b(o) + 3*f(o). Calculate h(-4).
-1
Let h be (2/4 + 0)*-2. Let x(c) = c**3 - 2*c - 4. Let q(u) = -20. Let f(z) = 7. Let k(r) = 17*f(r) + 6*q(r). Let d(p) = 3*k(p) - x(p). Determine d(h).
0
Let f(w) = 4*w**2 + 1. Let d = 17 + -20. Let h(x) = -x**2 - 1. Let g(s) = d*h(s) - f(s). What is g(3)?
-7
Let w(u) = u**3 + 8*u**2 - 8*u + 3. Let j be w(-9). Let i(m) = -m + 8. Give i(j).
14
Suppose -3*f = 1 - 4. Let p(d) = 6*d**2 + d - 7. Let c(s) be the second derivative of s**4/12 - s**2/2 - 4*s. Let o(u) = f*p(u) - 5*c(u). What is o(2)?
4
Suppose 3*l + 3*n = 54, -4*l = 4*n + n - 72. Let j(z) = -3 + 10 + 17*z - l*z. What is j(0)?
7
Let u(j) = -j**3 - 7*j**2 + j + 6. Let q be u(-7). Let a(f) = -2*f**3 + f**2 - 1. Give a(q).
2
Let u be 2/(-4)*0/2. Suppose -16 = -5*z + 2*i, u = -5*z + 3*i + 3 + 16. Let o(p) = -z + 2 + 2*p. Calculate o(4).
8
Let b(o) be the second derivative of o**4/12 - o**2/2 + 9*o. Give b(-2).
3
Suppose -2*h - 4*s = -6, h + 5*s + 6 = 3*h. Suppose 0 = 2*f + 2*z + 10, h*z = -2*f - 0*z - 14. Let r(l) be the first derivative of -l**2/2 + 6. Determine r(f).
1
Suppose 5*b = 2*b - 3. Let i(k) = -k - 20396 + 20395 + 3*k. Give i(b).
-3
Let p = -5 + 0. Let r(l) = -40*l**3 + 6 + 39*l**3 - 3*l + 6*l - 5*l**2. Give r(p).
-9
Suppose -8 = 2*x - 0*x. Let g(m) = m + 3. Let p be g(x). Let w(i) = 3*i*